(-163484)/138?
2
Suppose -3*p = -6*p + 12. Suppose -2*z + 12 + 32 = -p*l, 0 = -3*l + 9. Suppose -z + 263 = 5*g. What is the units digit of g?
7
Let a = 10089 - 4776. What is the hundreds digit of a?
3
Let b(p) = -2*p**3 - 9*p**2 + 110*p + 718. What is the ten thousands digit of b(-22)?
1
Suppose -4 = -2*t, -4*a - 3*t = -3*a - 430. Suppose 15*j - 14*j = a. What is the tens digit of j?
2
Let t = 558 + -1047. Let i = -180 - t. What is the hundreds digit of i?
3
Let t(l) = 2075*l**2 - 509*l - 2051. What is the thousands digit of t(-4)?
3
Let d(p) = 14*p - 16 - 10*p - p**2 + 7*p + 1. Let g be d(7). Let z(l) = -l**2 + 17*l - 2. What is the tens digit of z(g)?
5
Suppose 6*y - 84 + 66 = 0. Suppose i = -k + 1022, -y*k + 720 = -2*i - 2366. What is the thousands digit of k?
1
Suppose 18*q = 11*q - 1694. Let s = q + 441. What is the units digit of s?
9
Let f(z) = -z**3 - 8*z**2 + 10*z + 5. Let k be f(-9). Let h be k - -22 - (-3 + 5). What is the units digit of 1116/16 + (-12)/h?
9
Let j(x) = 73*x**2 + 7*x + 18. What is the units digit of j(-6)?
4
What is the ten thousands digit of (((-24956)/102)/(25/(-15)))/((-4)/(-590))?
2
Suppose -3*w = -2*v + 35819, 185*v - 180*v = 5*w + 89550. What is the hundreds digit of v?
9
Let w(c) = 43*c**2 + 154*c + 5. What is the tens digit of w(-16)?
4
Let l(s) = 18*s - 115. Let o be l(7). Suppose -o*h + 8*h + 2*m + 699 = 0, 928 = 4*h - 4*m. What is the tens digit of h?
3
Let w(n) = -2*n**3 - 7*n**2 + n - 6. Let v be w(-5). Suppose 0 = -6*d - 2*d + v. Suppose 5*x = 7*x + d, 3*x + 34 = m. What is the units digit of m?
2
Let z(h) = h**3 - 16*h**2 - 5*h + 31. Let a be z(16). Let w = a + 70. What is the units digit of (w/(-7))/(-6) - (-314)/4?
9
Let o = -52 + -320. Let h = 1176 + o. What is the units digit of h?
4
Suppose 11*y - 51 + 18 = 0, 0 = -3*k + 4*y + 13485. What is the hundreds digit of k?
4
Suppose r + 5*z = -14, -4*z = 2*r - 5*z - 16. Suppose -3*j + 5*n + 127 = 0, 0 = r*j - 11*j + 5*n + 225. What is the tens digit of j?
4
Let m(l) = 16*l**2 + 8*l + 18. Let g be m(-5). Let w = 741 - g. What is the hundreds digit of w?
3
Let j(u) = 2*u**2 + 6*u**2 - 5*u + 1678 - 1690 + 0*u**2. What is the tens digit of j(11)?
0
Let x = -49770 - -80153. What is the thousands digit of x?
0
Let k(j) = -j**2 + 2*j - 1. Let c be k(-2). What is the tens digit of 101*3/c*-9*1?
0
Let h = -3943 - -7279. What is the tens digit of h?
3
Let s = -321 + 323. What is the hundreds digit of 31/124 + s/16*4934?
6
Suppose 39*d = 4*h + 35*d - 1020, 4*h - 1020 = 3*d. Let o = 610 - h. What is the tens digit of o?
5
Let s = -9 - 1. Let y(p) = -p - 13. Let z be y(s). Let q(l) = -35*l - 3. What is the units digit of q(z)?
2
Let v(y) = y**3 + 54*y**2 + 60*y - 58. Let a be v(-51). Suppose -5*c - 2*m + 4565 + a = 0, 0 = 5*c + 3*m - 9245. What is the hundreds digit of c?
8
Suppose -4*i + 45770 = -2*z, -5*z - 34324 = -31*i + 28*i. What is the thousands digit of i?
1
Let z(q) = 4*q + 6. Let l be (-4)/(-6) - (-35)/(-21). Let d be z(l). Suppose 7*m - d*m + 3*h - 490 = 0, -5*m - 5*h = -480. What is the tens digit of m?
0
Let g(k) = 596*k**2 - 3*k + 2. Let b be 87/(-58) - ((-1)/(-2))/(-1). What is the units digit of g(b)?
1
Let m(g) = 42*g**2 + 191*g + 4262. What is the tens digit of m(-27)?
2
Let h(i) = -40*i - 282. Let u(g) = g**3 - 7*g**2 - 3*g + 29. Let d be u(6). What is the tens digit of h(d)?
1
Suppose 4*c = 10*q - 5*q - 9330, -3*c = 2*q - 3755. Suppose -3*i = -1118 - q. What is the tens digit of i?
9
Let k = 18383 + 9346. What is the tens digit of k?
2
Suppose 5*l = j, -2*j - 2*l + 9 = -3. Let h(b) = b**2 - 25*b + 112. Let y be h(19). What is the units digit of (j - 4) + y + (-61)/(-1)?
0
Suppose 10*p = -3314 + 334. Let b = 23 - p. What is the tens digit of b?
2
Let h = -234 + 236. Suppose h*s - 1723 = 5*u - 259, 0 = -4*s - 2*u + 2928. What is the tens digit of s?
3
Let n be (-5)/3 - 20854/(-6). Suppose -4*g - 1730 = -3*w + 2*w, 2*w - g = n. What is the hundreds digit of w/7 - 8/28?
2
Let b = 28 - 46. Let m(s) = -3 + 17*s - s**3 + 38 - 18*s - 18*s**2. What is the tens digit of m(b)?
5
Suppose 15760 = 36*l - 726488. What is the units digit of l?
8
Let i(d) = d**3 + 12*d**2 - 794*d + 56. What is the hundreds digit of i(-24)?
2
Let w(a) = 36*a - 11. Let u be w(-3). Let p = u + 182. What is the units digit of (-2)/(-7) + (7668/p - 1)?
1
Suppose 2*a - 3810 = 4*v, 2*a - 4*v = -2*v + 3808. Let y = -1106 + a. What is the hundreds digit of y?
7
Let a be (-1)/2*(8 + -11 - -7). Let t be (-4 + a)/((-30)/(-40)). What is the units digit of 12/8 - 1460/t?
4
Suppose -13*x + 1144056 = 16*x + 74536. What is the ten thousands digit of x?
3
Suppose -566*w + 71022 - 221178 = -578*w. What is the ten thousands digit of w?
1
Let t(w) = -w + 3. Let z(c) = -452*c + 17. Let f(y) = -t(y) - z(y). What is the units digit of f(2)?
6
Suppose -66*p + 905462 + 648244 = 0. What is the tens digit of p?
4
Let j be (7 + -3)*(-204)/16. Let b(g) = -2*g + 332. What is the tens digit of b(j)?
3
Suppose 0 = -3*z - 4*p + 18291, -12180 = -2*z + 2*p - 0*p. What is the tens digit of z?
9
Suppose 2*r - 90952 = -2*i, 136386 = -226*r + 229*r - 3*i. What is the units digit of r?
9
Let i(v) = 459*v**2 - 66*v - 111. What is the hundreds digit of i(-12)?
7
Let k = 330 + -762. Let a = 652 + k. What is the hundreds digit of a?
2
Suppose -11*c + 5*n = -13*c + 76779, -191895 = -5*c - 5*n. What is the ten thousands digit of c?
3
Suppose 3*l + 916 = -2*h - 2583, 5*l + 5810 = h. What is the units digit of l*((-16)/(-8) - 3)?
3
Suppose 38*t = 5*d + 34*t - 123835, 5*d = 3*t + 123830. What is the hundreds digit of d?
7
Let z be 1/1 - (0 + 2)*-1. Suppose -z = 4*b - 31. Suppose i - 5*r - 234 = 0, i - b = -r + 251. What is the tens digit of i?
5
Let g be (-20)/(-10) - (-182)/2. Suppose 4*v - 3*d - 372 = 0, -2*d = v - 2*v + g. Suppose 3*k - 54 - v = 0. What is the units digit of k?
9
What is the ten thousands digit of (426 - 0)/(-19 + 20)*5526/108?
2
Let k(a) = 11*a + 3. Let s be k(5). Let z = -7911 - -7906. What is the tens digit of z - (-1 - -2 - s)?
5
Let b be (0 - (-3496)/3) + 23/(-69). Suppose -7*p - b + 8270 = 0. What is the tens digit of p?
1
Let g = -44867 + 72027. What is the thousands digit of g?
7
Suppose -7*k + 0*k = 5*k. Suppose k + 18 = g + 3*d, -4*d + 48 = 4*g. Suppose 27 = 3*b - g. What is the units digit of b?
2
Let m = 61 - 195. Let y = m - -533. What is the tens digit of y?
9
Suppose 9 = 5*f - 4*u + 25, -2*u = f - 8. Suppose f = -o - 23 + 2. Let v = o + 93. What is the tens digit of v?
7
Suppose -2*i - u = 22, -5*i + 0*i + u = 41. Let l be i/27*(-246)/2. Let a = 108 + l. What is the units digit of a?
9
Let x(s) be the first derivative of 36*s**2 + 1 + 4 - 76*s**2 + 92*s + 39*s**2. What is the units digit of x(0)?
2
What is the tens digit of (-6238)/(-10) + 37/185?
2
Suppose 3*u + 0*u = 0. Suppose 4*a + 4*k - 1700 = 0, u = 4*a + 5*k + 600 - 2297. What is the hundreds digit of a?
4
Let o(l) = -10*l**3 + 148*l**2 + 168*l + 68. Let j(m) = -2*m**3 + 37*m**2 + 42*m + 17. Let u(s) = 9*j(s) - 2*o(s). What is the tens digit of u(-17)?
7
Suppose 3*o = 6, 32*o - 37*o = -2*b + 18. Suppose -b*u + 7475 = -4229. What is the units digit of u?
6
Suppose 5*i - 2*o = 127389, 203*o - 101912 = -4*i + 205*o. What is the ten thousands digit of i?
2
Let l(i) = 4*i**3 + 24*i + 40. What is the ten thousands digit of l(14)?
1
What is the units digit of (-143169)/(-65)*(-25)/(-15) + 8?
9
Let s(d) = 14*d**3 + d**2 + 6. Let i be s(3). Let u = 31 + i. What is the tens digit of 2*u/(8 - 4)?
1
Let w be ((-77)/(-42))/(-11)*-762. Suppose -3*s = x - w, x - 4*s - 41 - 86 = 0. What is the tens digit of x?
2
Let w(n) = -11*n**2 - 33*n + 170. Let c be w(7). Let k = 1481 + c. What is the tens digit of k?
8
Let m(o) be the first derivative of 37*o**3 + o**2 + 18*o - 99. What is the thousands digit of m(-3)?
1
Let m(f) = -f**3 + 8*f**2 - 27*f. Suppose -82*g = -75*g + 56. What is the thousands digit of m(g)?
1
Let f = -30307 + 54880. What is the ten thousands digit of f?
2
Suppose 0 = 7*j + 4 + 3. Let b be j/((9/315)/((-14)/5)). Let v = -84 + b. What is the tens digit of v?
1
Let y = 1 + 2. Suppose -2*l - y*l = 0. Suppose l = n - 8 - 58. What is the units digit of n?
6
Let i(h) = 196*h**2 + 5*h - 49. What is the units digit of i(6)?
7
Let k = 62 + -9